8*d - 91752. What is the units digit of p?
6
Let o(j) = -j**2 + 4*j + 16. Let a be o(6). Let l be (-78)/12 + 5 + 26/a. Suppose 20 = 4*m - m + l*n, -5*m + 2*n + 54 = 0. What is the tens digit of m?
1
Let i = -13 - -13. Suppose 5*u + 5*b - 384 - 921 = i, 4 = -2*b. What is the tens digit of u?
6
Let m = -241 - -312. Let f = 63 + 192. Let s = f - m. What is the units digit of s?
4
Suppose 862*h - 860*h = -5*a + 17328, 4*a + 2*h - 13866 = 0. What is the tens digit of a?
6
Let s = 125 - 62. Let x = s - 65. What is the tens digit of 0/(-5) + x + 57?
5
Suppose -4*l + 2*x - 64 = -0*x, -5*l + 3*x - 81 = 0. Let w = 18 + l. Suppose 603 = w*y - 0*y. What is the units digit of y?
1
Let j(v) = -35*v - 2. Let f be j(-1). Suppose 0 = -3*h - 30 + f. What is the units digit of (h/(-3))/(6/(-738))?
1
Let p = 32 - 28. Suppose -p*h + 5*h = 10. Suppose -8*c = -h*c + 20. What is the tens digit of c?
1
Let w = 2186 - -2154. Let t be (21 + 10 + -5)/((-1)/w). What is the units digit of t/(-558) - 2/(-18)*-2?
2
Let z = -1586 + 2812. Suppose 0 = 6*n - 3*n - f - z, -5*f - 25 = 0. What is the units digit of n?
7
Let y = 140 + -122. Let r(n) = 11*n - 15. What is the units digit of r(y)?
3
What is the ten thousands digit of (6 - 36)*(15186/(-30) + -1) + 0?
1
Let v be 3/(-2)*(-4)/6. Suppose -v = -3*o + 3*h + 2*h, 1 = -o + 3*h. Suppose o*b - 31 = 31. What is the units digit of b?
1
Let w = 130 + -128. Suppose -2*o + 5*u + 938 = 0, w*u = -o + 2*o - 469. What is the units digit of o?
9
Let f(q) = 2*q + 6. Let i(a) = 3*a + 7. Let m(x) = 4*f(x) - 5*i(x). Let c be m(-2). Suppose -c = -3*d - 0, -666 = -3*j - 3*d. What is the tens digit of j?
2
Suppose -40*d + 74*d = 74*d - 244720. What is the hundreds digit of d?
1
Let j = -3740 - -6184. What is the tens digit of j?
4
What is the units digit of -17 - (-3 - (5 + 0)) - -11334?
5
Suppose -98*o + 790023 - 11319251 = -526*o. What is the units digit of o?
1
Suppose -2*m - 4975 + 23693 + 27362 = 0. What is the thousands digit of m?
3
Let l be (5 + -10)*-8 + 1. Suppose -l*c = -42*c + 141. What is the units digit of c?
1
Let f(y) = -y + 22. Let p be f(-9). Suppose 0 = 2*a - p + 25. Suppose -9 = -3*z, -3*z - 36 = -a*x - z. What is the tens digit of x?
1
Let l = -18 - -20. Let y be l + -2 + -3 - -3. Suppose r = -y*r + 85. What is the tens digit of r?
8
Let y be (2/(-5))/((-11937)/(-2985) - 4). Suppose 4*n - 5*s = 1467, -5*s + 0*s + y = n. What is the hundreds digit of n?
3
Let w = -570 - -577. Let k(p) = 246*p - 81. What is the units digit of k(w)?
1
Suppose 15*d = 9*d + 210. Let s(n) = -43*n + 67*n - 6 - 3*n**2 - n**3 - d*n. What is the hundreds digit of s(-7)?
2
Suppose -6*h = -52*b + 57*b - 77054, -2*b + 51372 = 4*h. What is the hundreds digit of h?
8
Suppose -24 = -5*z - u, -z = 4*z + 5*u - 40. Suppose 4*f - 560 = -5*n, -n - z*f - 7 + 119 = 0. What is the tens digit of n?
1
Let t(d) = 4*d + 4. Let k be t(0). Suppose -4*r = -2*r - k*b - 2338, -5*r + 5821 = -4*b. What is the tens digit of r?
6
Suppose 63189 = 2797*y - 2790*y. What is the hundreds digit of y?
0
Suppose q + 5*q - 552984 = -119718. What is the tens digit of q?
1
Let b be 20/5 + 22/2. Let g = -15 + b. Suppose 8*c - 4*c - 20 = g. What is the units digit of c?
5
Let i(f) = f**2 - 7*f + 11. Let l be i(5). What is the units digit of ((-4)/10)/((3/(-1425))/l)?
0
Let b(l) be the first derivative of -l**3/3 - 7*l**2/2 - 8*l - 13. Let k be b(-3). Suppose -2*o = 4*j - 273 + 59, 281 = 3*o - k*j. What is the units digit of o?
9
Let m(z) = 149*z + 9. Let u(w) = -6*w - 14. Let r be u(-3). What is the hundreds digit of m(r)?
6
Suppose -2*j + 4*n + 214 = 0, -j - 4*n = -9*n - 92. What is the hundreds digit of (-1436)/(-6) + (-39)/j?
2
Suppose -56*m + 83677 = -34199 - 39428. What is the units digit of m?
9
Let o(m) = m + 9. Let r be o(-5). Suppose -60 = r*k + 6*k. Let w = 12 + k. What is the units digit of w?
6
Let c(i) = i**3 - 8*i**2 + 6*i + 9. Let s be c(7). Let d be 59 - ((2 - 1) + s). Suppose -o + d = 10. What is the units digit of o?
6
Let h = 619 + -611. Suppose h*j - 1288 = -0. What is the units digit of j?
1
Let f(i) = 2*i**3 + 23*i**2 - 31*i + 13. Let p be f(-11). Let t = -419 + p. What is the units digit of t?
6
Let y(f) be the third derivative of -f**4/3 + 77*f**3/2 - 4*f**2 - 8. What is the tens digit of y(27)?
1
Suppose v = -2*p - 9, 2*v + 18 = 4*p - 8. What is the units digit of 632/((v - -6) + 7)?
6
Let l = 770 + -354. Let d = l - -1200. What is the hundreds digit of d?
6
Let d = -1000 + 6663. What is the units digit of d?
3
Suppose -9038 = -18*h + 3940. Suppose -h = -3*l - 214. What is the units digit of l?
9
Let w(r) = 5*r**2 - 4*r - 12. Let s be w(-8). Let u = s + 36. What is the units digit of u?
6
Suppose 5*p - 21974 = -2*w, 3*w + 5*p - 44396 + 11440 = 0. What is the tens digit of w?
8
What is the ten thousands digit of ((1/(-6))/((-1)/(-9)))/(3/(-37414))?
1
Suppose 27*q - 53*q = -170586. What is the hundreds digit of q?
5
Let i(r) = 16*r**2 + 55*r - 27. Let a(b) = -7*b**2 - 27*b + 13. Let l(c) = -9*a(c) - 4*i(c). What is the units digit of l(14)?
7
Let c(r) be the second derivative of -25*r**3/6 - 97*r**2/2 - 42*r. What is the units digit of c(-20)?
3
Suppose 0 = -g + 5*w - 3, 0 = -0*g + 2*g - 2*w - 2. Let t be 63/g + 2/4. Suppose -t = -3*y + 16. What is the units digit of y?
6
Let k = 12805 + -6631. What is the thousands digit of k?
6
Suppose -2382 + 325 = -2*o + 5*b, -3*b + 3075 = 3*o. Suppose 97 = 2*n + 2*f - 567, 3*f = 3*n - o. What is the tens digit of n?
3
What is the thousands digit of 39348/10*(6 + (-26)/6)?
6
Let z(j) = 185*j**3 - j - 2. Let w be z(2). Suppose 0 = -11*o - o + w. What is the hundreds digit of o?
1
Let m(c) = c**3 + 14*c**2 - 15*c + 3. Let o = -80 + 65. Let s be m(o). Suppose 116 = 4*n + s*z, -2*z + 90 = 3*n + z. What is the tens digit of n?
2
Suppose -2*v + 5*x - 2839 = 0, 4*v - v - 2*x + 4253 = 0. Let g = v - -2197. What is the tens digit of g?
8
Let h be (-6 - (-2124)/(-16))*-4. Suppose -h*a = -559*a + 1640. What is the tens digit of a?
1
Let p(l) = l**2 - 17*l + 2. Suppose h + 0 = -2*q + 9, 5*h + 4*q - 69 = 0. Let w be p(h). Suppose a - 2 = -2*y, y + y = 2*a + w. What is the units digit of y?
1
Suppose -16159 = -n - 5*g, 2*g - 13668 = 5*n - 94247. What is the ten thousands digit of n?
1
What is the units digit of 119/(-17)*(-1)/(92355/18470 - 5)?
8
Let m(z) = z**3 - z**2 + z + 1. Let k(w) = -w**3 - 2*w**2 + 4*w + 3. Let y = -10 + 5. Let r(q) = y*m(q) + k(q). What is the hundreds digit of r(-3)?
1
Let i = -3334 - -4890. What is the tens digit of i?
5
Let o(a) = 745*a - 1545. What is the tens digit of o(13)?
4
Suppose 0 = -2*n + 2*n - 24*n. Suppose 4*l + 5*j - 1329 = n, -2*j - 1356 = -4*l + 2*j. What is the hundreds digit of l?
3
Suppose 310*s = 309*s - 102. What is the units digit of (-3*5/15 + -3)*s?
8
What is the hundreds digit of 2/10 - ((-88596)/45 + -10)?
9
Let q = -28 + 30. Suppose -q*u + u = -5*i + 1678, 2*u - 999 = -3*i. What is the units digit of i?
5
Let s be 14/(-49) + (-842)/(-7). Suppose 117*k = s*k - 36. Suppose k*h + 929 - 3821 = 0. What is the units digit of h?
1
Suppose -10*z + 456 = -2*z. Let m = 167 + z. What is the tens digit of m?
2
Let y(s) = -228*s**3 + 7*s**2 - 7*s - 25. What is the hundreds digit of y(-5)?
6
Let v be (-259)/29 + 2/(-29). What is the units digit of (84188/(-78))/(6/v*1)?
9
Let i(a) = 7*a + 66. Let q be i(-9). Suppose -5*f + 593 = q*v, -v = -0*v + 4*f - 186. What is the tens digit of v?
0
Let z(k) = -20*k - 49. Let a(b) = -18*b - 46. Let o(q) = 7*a(q) - 6*z(q). Suppose 51 = -7*p + 4*p. What is the tens digit of o(p)?
7
Let y(f) = 59*f**2 - 4 - 12*f - 26 + 6. Let m(b) = -20*b**2 + 4*b + 8. Let i(x) = 17*m(x) + 6*y(x). What is the units digit of i(4)?
0
Suppose 31*x + 4*m + 8042 = 34*x, -2*m + 10774 = 4*x. What is the hundreds digit of x?
6
Let z(b) = -8*b + 26. Let g be z(7). Let a be 0 - (-3 - -2 - -13). What is the units digit of (-1316)/g - a/90?
4
Let b(u) = -27*u**3 + 3. Let k be b(-2). Let j = 242 - k. What is the units digit of j?
3
Let r = 12256 + -5408. What is the hundreds digit of r?
8
Let d = 274 + -239. Suppose 0 = 46*o - d*o - 17138. What is the tens digit of o?
5
Suppose m = -0*m + 2, -2*m - 60 = 4*x. Let w(u) = u**3 + 20*u**2 + 39*u + 67. What is the units digit of w(x)?
7
What is the thou